[INFO] cloning repository https://github.com/bobogei81123/nekos_arm
[INFO] running `Command { std: "git" "-c" "credential.helper=" "-c" "credential.helper=/workspace/cargo-home/bin/git-credential-null" "clone" "--bare" "https://github.com/bobogei81123/nekos_arm" "/workspace/cache/git-repos/https%3A%2F%2Fgithub.com%2Fbobogei81123%2Fnekos_arm", kill_on_drop: false }`
[INFO] [stderr] Cloning into bare repository '/workspace/cache/git-repos/https%3A%2F%2Fgithub.com%2Fbobogei81123%2Fnekos_arm'...
[INFO] running `Command { std: "git" "rev-parse" "HEAD", kill_on_drop: false }`
[INFO] [stdout] a400d6887aa2e622c7b0b4d25d8c0b77e1c01b18
[INFO] building bobogei81123/nekos_arm against master#881c1ac408d93bb7adaa3a51dabab9266e82eee8 for issue-85264
[INFO] running `Command { std: "git" "clone" "/workspace/cache/git-repos/https%3A%2F%2Fgithub.com%2Fbobogei81123%2Fnekos_arm" "/workspace/builds/worker-12/source", kill_on_drop: false }`
[INFO] [stderr] Cloning into '/workspace/builds/worker-12/source'...
[INFO] [stderr] done.
[INFO] validating manifest of git repo https://github.com/bobogei81123/nekos_arm on toolchain 881c1ac408d93bb7adaa3a51dabab9266e82eee8
[INFO] running `Command { std: "/workspace/cargo-home/bin/cargo" "+881c1ac408d93bb7adaa3a51dabab9266e82eee8" "metadata" "--manifest-path" "Cargo.toml" "--no-deps", kill_on_drop: false }`
[INFO] removed /workspace/builds/worker-12/source/.cargo/config.toml
[INFO] started tweaking git repo https://github.com/bobogei81123/nekos_arm
[INFO] finished tweaking git repo https://github.com/bobogei81123/nekos_arm
[INFO] tweaked toml for git repo https://github.com/bobogei81123/nekos_arm written to /workspace/builds/worker-12/source/Cargo.toml
[INFO] crate git repo https://github.com/bobogei81123/nekos_arm already has a lockfile, it will not be regenerated
[INFO] running `Command { std: "/workspace/cargo-home/bin/cargo" "+881c1ac408d93bb7adaa3a51dabab9266e82eee8" "fetch" "--manifest-path" "Cargo.toml", kill_on_drop: false }`
[INFO] [stderr]  Downloading crates ...
[INFO] [stderr]   Downloaded spin v0.9.0
[INFO] [stderr]   Downloaded register v1.0.1
[INFO] [stderr]   Downloaded cortex-a v5.1.0
[INFO] [stderr]   Downloaded tock-registers v0.6.0
[INFO] running `Command { std: "docker" "create" "-v" "/var/lib/crater-agent-workspace/builds/worker-12/target:/opt/rustwide/target:rw,Z" "-v" "/var/lib/crater-agent-workspace/builds/worker-12/source:/opt/rustwide/workdir:ro,Z" "-v" "/var/lib/crater-agent-workspace/cargo-home:/opt/rustwide/cargo-home:ro,Z" "-v" "/var/lib/crater-agent-workspace/rustup-home:/opt/rustwide/rustup-home:ro,Z" "-e" "SOURCE_DIR=/opt/rustwide/workdir" "-e" "CARGO_TARGET_DIR=/opt/rustwide/target" "-e" "CARGO_HOME=/opt/rustwide/cargo-home" "-e" "RUSTUP_HOME=/opt/rustwide/rustup-home" "-w" "/opt/rustwide/workdir" "-m" "1610612736" "--user" "0:0" "--network" "none" "ghcr.io/rust-lang/crates-build-env/linux@sha256:20528e8c29e4536546f0102ce88568b16ea7538393a33fcca951030f7af10457" "/opt/rustwide/cargo-home/bin/cargo" "+881c1ac408d93bb7adaa3a51dabab9266e82eee8" "metadata" "--no-deps" "--format-version=1", kill_on_drop: false }`
[INFO] [stdout] be3bbcb2c17b2df52fad2364fa48750983bf42f3e562ebd1b1e5d76e689d44ec
[INFO] [stderr] WARNING: Your kernel does not support swap limit capabilities or the cgroup is not mounted. Memory limited without swap.
[INFO] running `Command { std: "docker" "start" "-a" "be3bbcb2c17b2df52fad2364fa48750983bf42f3e562ebd1b1e5d76e689d44ec", kill_on_drop: false }`
[INFO] running `Command { std: "docker" "inspect" "be3bbcb2c17b2df52fad2364fa48750983bf42f3e562ebd1b1e5d76e689d44ec", kill_on_drop: false }`
[INFO] running `Command { std: "docker" "rm" "-f" "be3bbcb2c17b2df52fad2364fa48750983bf42f3e562ebd1b1e5d76e689d44ec", kill_on_drop: false }`
[INFO] [stdout] be3bbcb2c17b2df52fad2364fa48750983bf42f3e562ebd1b1e5d76e689d44ec
[INFO] running `Command { std: "docker" "create" "-v" "/var/lib/crater-agent-workspace/builds/worker-12/target:/opt/rustwide/target:rw,Z" "-v" "/var/lib/crater-agent-workspace/builds/worker-12/source:/opt/rustwide/workdir:ro,Z" "-v" "/var/lib/crater-agent-workspace/cargo-home:/opt/rustwide/cargo-home:ro,Z" "-v" "/var/lib/crater-agent-workspace/rustup-home:/opt/rustwide/rustup-home:ro,Z" "-e" "SOURCE_DIR=/opt/rustwide/workdir" "-e" "CARGO_TARGET_DIR=/opt/rustwide/target" "-e" "CARGO_INCREMENTAL=0" "-e" "RUST_BACKTRACE=full" "-e" "RUSTFLAGS=--cap-lints=forbid" "-e" "CARGO_HOME=/opt/rustwide/cargo-home" "-e" "RUSTUP_HOME=/opt/rustwide/rustup-home" "-w" "/opt/rustwide/workdir" "-m" "1610612736" "--user" "0:0" "--network" "none" "ghcr.io/rust-lang/crates-build-env/linux@sha256:20528e8c29e4536546f0102ce88568b16ea7538393a33fcca951030f7af10457" "/opt/rustwide/cargo-home/bin/cargo" "+881c1ac408d93bb7adaa3a51dabab9266e82eee8" "build" "--frozen" "--message-format=json", kill_on_drop: false }`
[INFO] [stderr] WARNING: Your kernel does not support swap limit capabilities or the cgroup is not mounted. Memory limited without swap.
[INFO] [stdout] 71357a6d8e41e32916c7ae452af75906a78ce559cdcb3f53470542e39daa61f7
[INFO] running `Command { std: "docker" "start" "-a" "71357a6d8e41e32916c7ae452af75906a78ce559cdcb3f53470542e39daa61f7", kill_on_drop: false }`
[INFO] [stderr]    Compiling tock-registers v0.6.0
[INFO] [stderr]    Compiling nekos_arm v0.1.0 (/opt/rustwide/workdir)
[INFO] [stderr]    Compiling spin v0.9.0
[INFO] [stdout] error[E0658]: trait bounds other than `Sized` on const fn parameters are unstable
[INFO] [stdout]    --> /opt/rustwide/cargo-home/registry/src/github.com-1ecc6299db9ec823/tock-registers-0.6.0/src/registers.rs:354:6
[INFO] [stdout]     |
[INFO] [stdout] 354 | impl<T: IntLike, R: RegisterLongName> LocalRegisterCopy<T, R> {
[INFO] [stdout]     |      ^
[INFO] [stdout]     |
[INFO] [stdout]     = note: see issue #57563 <https://github.com/rust-lang/rust/issues/57563> for more information
[INFO] [stdout]     = help: add `#![feature(const_fn_trait_bound)]` to the crate attributes to enable
[INFO] [stdout] 
[INFO] [stdout] 
[INFO] [stdout] error[E0658]: trait bounds other than `Sized` on const fn parameters are unstable
[INFO] [stdout]    --> /opt/rustwide/cargo-home/registry/src/github.com-1ecc6299db9ec823/tock-registers-0.6.0/src/registers.rs:354:18
[INFO] [stdout]     |
[INFO] [stdout] 354 | impl<T: IntLike, R: RegisterLongName> LocalRegisterCopy<T, R> {
[INFO] [stdout]     |                  ^
[INFO] [stdout]     |
[INFO] [stdout]     = note: see issue #57563 <https://github.com/rust-lang/rust/issues/57563> for more information
[INFO] [stdout]     = help: add `#![feature(const_fn_trait_bound)]` to the crate attributes to enable
[INFO] [stdout] 
[INFO] [stdout] 
[INFO] [stdout] error[E0658]: trait bounds other than `Sized` on const fn parameters are unstable
[INFO] [stdout]    --> /opt/rustwide/cargo-home/registry/src/github.com-1ecc6299db9ec823/tock-registers-0.6.0/src/registers.rs:439:6
[INFO] [stdout]     |
[INFO] [stdout] 439 | impl<T: IntLike, R: RegisterLongName> InMemoryRegister<T, R> {
[INFO] [stdout]     |      ^
[INFO] [stdout]     |
[INFO] [stdout]     = note: see issue #57563 <https://github.com/rust-lang/rust/issues/57563> for more information
[INFO] [stdout]     = help: add `#![feature(const_fn_trait_bound)]` to the crate attributes to enable
[INFO] [stdout] 
[INFO] [stdout] 
[INFO] [stdout] error[E0658]: trait bounds other than `Sized` on const fn parameters are unstable
[INFO] [stdout]    --> /opt/rustwide/cargo-home/registry/src/github.com-1ecc6299db9ec823/tock-registers-0.6.0/src/registers.rs:439:18
[INFO] [stdout]     |
[INFO] [stdout] 439 | impl<T: IntLike, R: RegisterLongName> InMemoryRegister<T, R> {
[INFO] [stdout]     |                  ^
[INFO] [stdout]     |
[INFO] [stdout]     = note: see issue #57563 <https://github.com/rust-lang/rust/issues/57563> for more information
[INFO] [stdout]     = help: add `#![feature(const_fn_trait_bound)]` to the crate attributes to enable
[INFO] [stdout] 
[INFO] [stdout] 
[INFO] [stdout] error[E0658]: trait bounds other than `Sized` on const fn parameters are unstable
[INFO] [stdout]    --> /opt/rustwide/cargo-home/registry/src/github.com-1ecc6299db9ec823/tock-registers-0.6.0/src/registers.rs:531:6
[INFO] [stdout]     |
[INFO] [stdout] 531 | impl<R: RegisterLongName> Field<u8, R> {
[INFO] [stdout]     |      ^
[INFO] [stdout]     |
[INFO] [stdout]     = note: see issue #57563 <https://github.com/rust-lang/rust/issues/57563> for more information
[INFO] [stdout]     = help: add `#![feature(const_fn_trait_bound)]` to the crate attributes to enable
[INFO] [stdout] 
[INFO] [stdout] 
[INFO] [stdout] error[E0658]: trait bounds other than `Sized` on const fn parameters are unstable
[INFO] [stdout]    --> /opt/rustwide/cargo-home/registry/src/github.com-1ecc6299db9ec823/tock-registers-0.6.0/src/registers.rs:545:6
[INFO] [stdout]     |
[INFO] [stdout] 545 | impl<R: RegisterLongName> Field<u16, R> {
[INFO] [stdout]     |      ^
[INFO] [stdout]     |
[INFO] [stdout]     = note: see issue #57563 <https://github.com/rust-lang/rust/issues/57563> for more information
[INFO] [stdout]     = help: add `#![feature(const_fn_trait_bound)]` to the crate attributes to enable
[INFO] [stdout] 
[INFO] [stdout] 
[INFO] [stdout] error[E0658]: trait bounds other than `Sized` on const fn parameters are unstable
[INFO] [stdout]    --> /opt/rustwide/cargo-home/registry/src/github.com-1ecc6299db9ec823/tock-registers-0.6.0/src/registers.rs:559:6
[INFO] [stdout]     |
[INFO] [stdout] 559 | impl<R: RegisterLongName> Field<u32, R> {
[INFO] [stdout]     |      ^
[INFO] [stdout]     |
[INFO] [stdout]     = note: see issue #57563 <https://github.com/rust-lang/rust/issues/57563> for more information
[INFO] [stdout]     = help: add `#![feature(const_fn_trait_bound)]` to the crate attributes to enable
[INFO] [stdout] 
[INFO] [stdout] 
[INFO] [stdout] error[E0658]: trait bounds other than `Sized` on const fn parameters are unstable
[INFO] [stdout]    --> /opt/rustwide/cargo-home/registry/src/github.com-1ecc6299db9ec823/tock-registers-0.6.0/src/registers.rs:573:6
[INFO] [stdout]     |
[INFO] [stdout] 573 | impl<R: RegisterLongName> Field<u64, R> {
[INFO] [stdout]     |      ^
[INFO] [stdout]     |
[INFO] [stdout]     = note: see issue #57563 <https://github.com/rust-lang/rust/issues/57563> for more information
[INFO] [stdout]     = help: add `#![feature(const_fn_trait_bound)]` to the crate attributes to enable
[INFO] [stdout] 
[INFO] [stdout] 
[INFO] [stdout] error[E0658]: trait bounds other than `Sized` on const fn parameters are unstable
[INFO] [stdout]    --> /opt/rustwide/cargo-home/registry/src/github.com-1ecc6299db9ec823/tock-registers-0.6.0/src/registers.rs:600:6
[INFO] [stdout]     |
[INFO] [stdout] 600 | impl<R: RegisterLongName> FieldValue<u8, R> {
[INFO] [stdout]     |      ^
[INFO] [stdout]     |
[INFO] [stdout]     = note: see issue #57563 <https://github.com/rust-lang/rust/issues/57563> for more information
[INFO] [stdout]     = help: add `#![feature(const_fn_trait_bound)]` to the crate attributes to enable
[INFO] [stdout] 
[INFO] [stdout] 
[INFO] [stdout] error[E0658]: trait bounds other than `Sized` on const fn parameters are unstable
[INFO] [stdout]    --> /opt/rustwide/cargo-home/registry/src/github.com-1ecc6299db9ec823/tock-registers-0.6.0/src/registers.rs:616:6
[INFO] [stdout]     |
[INFO] [stdout] 616 | impl<R: RegisterLongName> FieldValue<u16, R> {
[INFO] [stdout]     |      ^
[INFO] [stdout]     |
[INFO] [stdout]     = note: see issue #57563 <https://github.com/rust-lang/rust/issues/57563> for more information
[INFO] [stdout]     = help: add `#![feature(const_fn_trait_bound)]` to the crate attributes to enable
[INFO] [stdout] 
[INFO] [stdout] 
[INFO] [stdout] error[E0658]: trait bounds other than `Sized` on const fn parameters are unstable
[INFO] [stdout]    --> /opt/rustwide/cargo-home/registry/src/github.com-1ecc6299db9ec823/tock-registers-0.6.0/src/registers.rs:632:6
[INFO] [stdout]     |
[INFO] [stdout] 632 | impl<R: RegisterLongName> FieldValue<u32, R> {
[INFO] [stdout]     |      ^
[INFO] [stdout]     |
[INFO] [stdout]     = note: see issue #57563 <https://github.com/rust-lang/rust/issues/57563> for more information
[INFO] [stdout]     = help: add `#![feature(const_fn_trait_bound)]` to the crate attributes to enable
[INFO] [stdout] 
[INFO] [stdout] 
[INFO] [stdout] error[E0658]: trait bounds other than `Sized` on const fn parameters are unstable
[INFO] [stdout]    --> /opt/rustwide/cargo-home/registry/src/github.com-1ecc6299db9ec823/tock-registers-0.6.0/src/registers.rs:648:6
[INFO] [stdout]     |
[INFO] [stdout] 648 | impl<R: RegisterLongName> FieldValue<u64, R> {
[INFO] [stdout]     |      ^
[INFO] [stdout]     |
[INFO] [stdout]     = note: see issue #57563 <https://github.com/rust-lang/rust/issues/57563> for more information
[INFO] [stdout]     = help: add `#![feature(const_fn_trait_bound)]` to the crate attributes to enable
[INFO] [stdout] 
[INFO] [stdout] 
[INFO] [stdout] error: aborting due to 12 previous errors
[INFO] [stdout] 
[INFO] [stdout] 
[INFO] [stdout] For more information about this error, try `rustc --explain E0658`.
[INFO] [stdout] 
[INFO] [stderr] error: could not compile `tock-registers`
[INFO] [stderr] 
[INFO] [stderr] To learn more, run the command again with --verbose.
[INFO] [stderr] warning: build failed, waiting for other jobs to finish...
[INFO] [stderr] error: build failed
[INFO] running `Command { std: "docker" "inspect" "71357a6d8e41e32916c7ae452af75906a78ce559cdcb3f53470542e39daa61f7", kill_on_drop: false }`
[INFO] running `Command { std: "docker" "rm" "-f" "71357a6d8e41e32916c7ae452af75906a78ce559cdcb3f53470542e39daa61f7", kill_on_drop: false }`
[INFO] [stdout] 71357a6d8e41e32916c7ae452af75906a78ce559cdcb3f53470542e39daa61f7
